k and x?
18
Suppose -5*y + 4*p + 15 = -p, 0 = -2*p. Calculate the highest common divisor of y and 15.
3
Let n(z) = -z**2 - 7*z + 3. Let y be n(-7). Let o be (6/8)/(y/120). What is the greatest common divisor of 45 and o?
15
Let j be 8/(-20) - 22/(-5). Let l(s) = -s**3 + 4*s**2 + 3*s + 3. Let b be l(j). Calculate the greatest common factor of b and 135.
15
Suppose 0 = 7*t - 8*t + 27. Suppose -2*v + t = v. What is the highest common divisor of v and 45?
9
Suppose 0 = -5*x - 16 - 14. Let u(t) = t**3 + 6*t**2 - t - 2. Let l be u(x). Calculate the greatest common divisor of l and 8.
4
Suppose 0 = -5*q - 0 - 5. Let r be (-176)/6*6/q. Calculate the greatest common factor of r and 16.
16
Suppose -5*v - 2*g + 5 - 21 = 0, 0 = 3*v + 5*g + 21. Let o(d) = 9*d**2 + 3*d. Let z be o(v). Calculate the greatest common divisor of z and 45.
15
Suppose 0 = -4*j - 2*y + 28, 5 + 14 = 3*j + y. Suppose 8 + 12 = j*r. Let l = 11 - r. What is the greatest common factor of 14 and l?
7
Let c = -3 + 8. Calculate the greatest common factor of c and 45.
5
Suppose 2*d = -v + 19, -2*d - 3*d + 9 = -v. Suppose 0 = 4*c - 5*s - 386, 0 = 5*c - 3*s + 7*s - 503. Calculate the highest common factor of c and v.
11
Let g(h) = h**3 + 11*h**2 + 13*h - 1. Let c be g(-9). Calculate the greatest common divisor of 4 and c.
4
Let b = -1 - -6. Calculate the greatest common divisor of b and 20.
5
Let c be 2 - (2 + (-1 - 1)). Suppose c*o + 32 = 4*o. Calculate the greatest common divisor of 4 and o.
4
Suppose -72 = -6*g + 4*g. What is the greatest common divisor of 48 and g?
12
Let b(z) = -z**2 - 26*z + 5. Let k be b(-26). What is the greatest common factor of 3 and k?
1
Let x(i) = i - 5. Let u be x(10). Suppose 19 = -h + 44. What is the greatest common factor of h and u?
5
Suppose r - 602 = -5*u, r + 0 = 2. Calculate the highest common factor of u and 24.
24
Let g(j) be the first derivative of 28*j**4 + j**3/3 - j**2/2 - 5. Let q be g(1). Calculate the greatest common factor of q and 16.
16
Let i = 37 + -21. Let k(j) = -12*j**2 + 13*j**2 - 5 + 15 - 5*j. Let m be k(7). What is the highest common divisor of i and m?
8
Suppose -k - 3*k = w - 3, 4*k - 9 = -3*w. Suppose -4*c = -2*x + w*x - 55, 4*x - 2*c = 130. What is the greatest common divisor of 14 and x?
7
Let b be -9 - -5 - (-24)/2. What is the highest common divisor of b and 1?
1
Let l(n) = n + 1. Let v(h) = -3*h - 7. Let u(j) = 10*l(j) + 2*v(j). Let o be u(7). What is the greatest common divisor of o and 16?
8
Suppose -28*f - 60 = -32*f. Calculate the greatest common factor of 5 and f.
5
Suppose 0 = -2*i - i + 102. What is the highest common divisor of i and 17?
17
Let t = 405 - 248. Suppose -4*u - 53 = -t. What is the greatest common factor of 13 and u?
13
Suppose 7*b - 225 = 2*b. What is the greatest common divisor of b and 18?
9
Suppose i = 4 + 15. Suppose -56 = 15*q - i*q. What is the greatest common divisor of q and 14?
14
Suppose 4*d = -2*b + 112, 158 = 5*d - 4*b + 2*b. Suppose 0 = -q + 5 + 1. What is the greatest common divisor of d and q?
6
Suppose -5*k + 254 = -21. What is the greatest common divisor of k and 5?
5
Let g = 13 - 30. Let r = 71 - g. Calculate the highest common divisor of 8 and r.
8
Suppose 0 = -z - z + 4. Suppose -4*f + z*f = -16. What is the highest common factor of 72 and f?
8
Let m(b) = -b**2 + 8*b + 7. Suppose -5*n + 5 + 35 = 0. Let r be m(n). Let d = 181 - 104. Calculate the greatest common factor of d and r.
7
Let q = -29 - -75. What is the highest common divisor of q and 69?
23
Let j = 1 + 0. What is the highest common divisor of 1 and j?
1
Suppose 15 = -5*z + 240. What is the highest common divisor of z and 5?
5
Suppose 4*c = -3*b - 14, 0 = c - 0*c + 5. Let n be b/8 + (-1148)/(-16). Calculate the highest common factor of 8 and n.
8
Let r be 168/(-28)*128/(-2). Calculate the greatest common divisor of 48 and r.
48
Let u be (10/8)/((-1)/(-108)). Let j = -78 - -122. Let d = -29 + j. Calculate the greatest common divisor of d and u.
15
Let i(g) = g**3 - 8*g**2 + 5*g + 9. Let k be i(8). Let a(m) = -m + 1. Let n be a(-6). What is the highest common divisor of n and k?
7
Suppose -2*v - 9 = -2*g - 29, 2*g - 64 = -4*v. Suppose 0 = 4*f - 2*f - v. Calculate the greatest common divisor of f and 77.
7
Let z(n) = 5*n + 3. Let r be z(2). Let l(p) = -p + 18. Let m be l(r). Let x = 11 + 9. Calculate the highest common divisor of m and x.
5
Suppose 0 + 3 = 3*j. Let u be 2 + (j - 1) - -6. What is the highest common factor of u and 1?
1
Suppose 0 = -5*b + 139 - 9. Calculate the highest common divisor of 130 and b.
26
Let j(b) = 7*b**2 - b - 2. Let d be j(-6). Suppose 2*m = -3*h + 49, -4*m + 4*h + 121 = -27. What is the greatest common factor of d and m?
32
Let w = 62 + -47. What is the greatest common factor of 10 and w?
5
Let f be ((-42)/(-4))/(24/32). What is the greatest common factor of 14 and f?
14
Let p = 52 - 30. Calculate the greatest common divisor of p and 88.
22
Suppose 0 = -2*r + 8, -4*f + 5*f - 5*r - 115 = 0. What is the greatest common divisor of 15 and f?
15
Let q be ((-10)/6)/((-1)/(-6)). Let x = -8 - q. Suppose t - 14 = -6. What is the highest common factor of x and t?
2
Suppose t + 3*t = 92. Suppose -2*r + t = m, -27 = r - 3*r + 3*m. Suppose -3*k = -2*k - r. What is the greatest common factor of k and 6?
6
Let o be -1 - (0 + -2) - -11. Let k = -4 + 7. Suppose -192 = g - k*g. Calculate the greatest common factor of g and o.
12
Let s be 9/4 + 3/(-12). Suppose 0 = 5*j - 3*z - 74 + 13, -3*j = -s*z - 37. Suppose h - 121 = -0*h. Calculate the greatest common factor of j and h.
11
Let i = -2 + 0. Let r(a) = -3*a - 3. Let u be r(i). Suppose n - u = 5. Calculate the highest common factor of 4 and n.
4
Let r be 0/(1 - 2) + 41. What is the greatest common factor of r and 328?
41
Let x(a) = a**2 + 8*a - 7. Let w be x(-9). Suppose 177 = 4*k - r, 4*k + 48 = 5*k - 4*r. Let u = k - w. Calculate the greatest common factor of u and 21.
21
Suppose -x + 13 = 2*f, 5*x - 3*f - f = 79. What is the greatest common factor of 135 and x?
15
Suppose 0 = t - 7 + 1. Suppose h = 4*h - 45. Calculate the greatest common divisor of t and h.
3
Let o(t) = 2*t**2 - t - 1. Let a be o(2). Let m(r) = 3*r - 4. Let x be m(a). Let p = -31 - -75. What is the greatest common divisor of x and p?
11
Let c(n) = 4*n**2 - 22*n. Let y be c(7). Calculate the greatest common divisor of 6 and y.
6
Let c = 10 + -7. What is the greatest common factor of c and 33?
3
Let z = 49 + -27. Suppose -2*n = -0*n - 2*b - 130, 0 = 5*n + 4*b - 334. What is the greatest common divisor of n and z?
22
Suppose -1 = -d, 5*u - 5*d - 13 = 2*u. Let k = -2 + 124. Let z = k - 68. Calculate the highest common divisor of u and z.
6
Let v be 25 + -1 + (0 - 2). What is the greatest common factor of 55 and v?
11
Suppose t - 3*y - y = 146, 4*y + 406 = 3*t. What is the highest common factor of 10 and t?
10
Suppose j = 3 - 1. Suppose -3*s - j = 4. Let y be 9*1 + s + 1. Calculate the highest common factor of 8 and y.
8
Let y(o) = o**3 - 11*o**2 - 2*o + 9. Let f be y(12). Calculate the highest common divisor of 86 and f.
43
Let t be 1/(-4) + (-18)/(-8). Let k(m) be the first derivative of m**2/2 + 1. Let w be k(t). Calculate the greatest common divisor of w and 6.
2
Suppose 0 = -3*x - 3*m + 177, -45 + 313 = 4*x - 4*m. What is the greatest common factor of 7 and x?
7
Suppose -4*h - 342 = -2*v + 62, v + h = 214. Suppose -2*l + 0 = -v. Let z be (12/(-30))/((-2)/210). What is the greatest common divisor of z and l?
21
Let j(f) = 3*f - 6. Let g be j(4). Let c = -3 - -6. Suppose -2*w + z = 1, c*w + 0*w = 3*z - 9. Calculate the greatest common divisor of g and w.
2
Suppose -3*d + 33 = 6. What is the greatest common factor of d and 81?
9
Let c(i) = i**3 + 5*i**2 + i - 3. Let v be c(-4). Calculate the greatest common divisor of 18 and v.
9
Let r(k) = -2*k + 11. Let t be r(-7). Calculate the greatest common factor of 275 and t.
25
Let b = 89 - 31. Calculate the greatest common factor of 87 and b.
29
Suppose 12*z - 14*z = -32. What is the greatest common factor of 32 and z?
16
Let y be ((-12)/10)/((-4)/10). Suppose 3 = 5*i - 17. Suppose -l = -b - 6, y*b = -i*l - b + 16. What is the highest common divisor of 20 and l?
5
Suppose 3*g + 5*s + 27 = 97, -3*g + 3*s + 30 = 0. What is the highest common factor of g an